 prime factors of 8246.
2, 7, 19, 31
List the prime factors of 63891.
3, 31, 229
What are the prime factors of 721?
7, 103
List the prime factors of 1091.
1091
What are the prime factors of 1141?
7, 163
List the prime factors of 49838.
2, 24919
List the prime factors of 56384.
2, 881
List the prime factors of 54802.
2, 11, 47, 53
What are the prime factors of 16766?
2, 83, 101
What are the prime factors of 3755?
5, 751
List the prime factors of 67391.
67391
List the prime factors of 20917.
13, 1609
What are the prime factors of 6729?
3, 2243
What are the prime factors of 1402?
2, 701
What are the prime factors of 721?
7, 103
What are the prime factors of 4371?
3, 31, 47
What are the prime factors of 6356?
2, 7, 227
What are the prime factors of 4112?
2, 257
What are the prime factors of 2777?
2777
List the prime factors of 4703.
4703
What are the prime factors of 1342?
2, 11, 61
What are the prime factors of 83671?
7, 11953
What are the prime factors of 95869?
95869
What are the prime factors of 475?
5, 19
List the prime factors of 80099.
173, 463
What are the prime factors of 5546?
2, 47, 59
List the prime factors of 190.
2, 5, 19
List the prime factors of 2598.
2, 3, 433
What are the prime factors of 60400?
2, 5, 151
What are the prime factors of 8305?
5, 11, 151
List the prime factors of 2522.
2, 13, 97
List the prime factors of 12776.
2, 1597
List the prime factors of 167731.
41, 4091
What are the prime factors of 1230?
2, 3, 5, 41
List the prime factors of 5725.
5, 229
List the prime factors of 1781.
13, 137
List the prime factors of 52202.
2, 43, 607
What are the prime factors of 82616?
2, 23, 449
List the prime factors of 10958.
2, 5479
List the prime factors of 3777.
3, 1259
What are the prime factors of 2503?
2503
What are the prime factors of 420?
2, 3, 5, 7
List the prime factors of 85938.
2, 3, 14323
List the prime factors of 150.
2, 3, 5
List the prime factors of 2478.
2, 3, 7, 59
List the prime factors of 1233.
3, 137
List the prime factors of 971.
971
What are the prime factors of 231?
3, 7, 11
What are the prime factors of 56311?
56311
What are the prime factors of 221?
13, 17
What are the prime factors of 5191?
29, 179
What are the prime factors of 5378?
2, 2689
List the prime factors of 8788.
2, 13
What are the prime factors of 643?
643
List the prime factors of 12473.
12473
List the prime factors of 9687.
3, 3229
List the prime factors of 1350.
2, 3, 5
List the prime factors of 5923.
5923
List the prime factors of 14740.
2, 5, 11, 67
What are the prime factors of 133435?
5, 26687
What are the prime factors of 60493?
60493
List the prime factors of 7025.
5, 281
List the prime factors of 374.
2, 11, 17
What are the prime factors of 12291?
3, 17, 241
List the prime factors of 21.
3, 7
What are the prime factors of 22832?
2, 1427
What are the prime factors of 435?
3, 5, 29
List the prime factors of 8681.
8681
What are the prime factors of 38446?
2, 47, 409
List the prime factors of 31950.
2, 3, 5, 71
What are the prime factors of 53956?
2, 7, 41, 47
What are the prime factors of 21158?
2, 71, 149
What are the prime factors of 19334?
2, 7, 1381
What are the prime factors of 29981?
7, 4283
What are the prime factors of 117624?
2, 3, 13, 29
What are the prime factors of 4601?
43, 107
List the prime factors of 50919.
3, 11, 1543
List the prime factors of 7445.
5, 1489
List the prime factors of 66023.
103, 641
List the prime factors of 2187.
3
What are the prime factors of 9142?
2, 7, 653
List the prime factors of 67949.
7, 17, 571
What are the prime factors of 3658?
2, 31, 59
List the prime factors of 36834.
2, 3, 7, 877
What are the prime factors of 1181?
1181
What are the prime factors of 45852?
2, 3, 3821
What are the prime factors of 11634?
2, 3, 7, 277
List the prime factors of 237.
3, 79
List the prime factors of 68147.
68147
List the prime factors of 745.
5, 149
List the prime factors of 70686.
2, 3, 7, 11, 17
List the prime factors of 9159.
3, 43, 71
List the prime factors of 8682.
2, 3, 1447
What are the prime factors of 7589?
7589
What are the prime factors of 70371?
3, 7, 1117
List the prime factors of 930.
2, 3, 5, 31
List the prime factors of 100.
2, 5
What are the prime factors of 81?
3
What are the prime factors of 1115?
5, 223
List the prime factors of 19041.
3, 11, 577
What are the prime factors of 7606?
2, 3803
What are the prime factors of 19946?
2, 9973
What are the prime factors of 1139?
17, 67
List the prime factors of 7455.
3, 5, 7, 71
List the prime factors of 38201.
38201
List the prime factors of 182.
2, 7, 13
List the prime factors of 17438.
2, 8719
What are the prime factors of 2370?
2, 3, 5, 79
List the prime factors of 110.
2, 5, 11
What are the prime factors of 978?
2, 3, 163
List the prime factors of 33687.
3, 19, 197
List the prime factors of 11142.
2, 3, 619
List the prime factors of 42374.
2, 21187
What are the prime factors of 31733?
13, 2441
List the prime factors of 722.
2, 19
List the prime factors of 4597.
4597
List the prime factors of 6647.
17, 23
List the prime factors of 1451.
1451
What are the prime factors of 30113?
30113
List the prime factors of 4462.
2, 23, 97
What are the prime factors of 1550?
2, 5, 31
What are the prime factors of 1114?
2, 557
List the prime factors of 40885.
5, 13, 17, 37
List the prime factors of 4390.
2, 5, 439
What are the prime factors of 260?
2, 5, 13
List the prime factors of 710.
2, 5, 71
List the prime factors of 1632.
2, 3, 17
What are the prime factors of 32049?
3, 1187
List the prime factors of 16539.
3, 37, 149
What are the prime factors of 61321?
13, 53, 89
List the prime factors of 2669.
17, 157
List the prime factors of 2942.
2, 1471
List the prime factors of 40720.
2, 5, 509
List the prime factors of 698.
2, 349
What are the prime factors of 1197?
3, 7, 19
What are the prime factors of 47914?
2, 23957
What are the prime factors of 2658?
2, 3, 443
List the prime factors of 404.
2, 101
What are the prime factors of 327?
3, 109
List the prime factors of 1417.
13, 109
List the prime factors of 28297.
28297
List the prime factors of 3409.
7, 487
What are the prime factors of 53531?
199, 269
What are the prime factors of 543?
3, 181
List the prime factors of 1677.
3, 13, 43
List the prime factors of 6034.
2, 7, 431
List the prime factors of 382.
2, 191
List the prime factors of 199.
199
What are the prime factors of 32994?
2, 3, 13, 47
List the prime factors of 85763.
139, 617
List the prime factors of 12349.
53, 233
List the prime factors of 5487.
3, 31, 59
List the prime factors of 13288.
2, 11, 151
What are the prime factors of 1927?
41, 47
List the prime factors of 46734.
2, 3, 7789
What are the prime factors of 8107?
11, 67
List the prime factors of 11243.
11243
List the prime factors of 2763.
3, 307
List the prime factors of 38181.
3, 11, 13, 89
What are the prime factors of 1856?
2, 29
List the prime factors of 58024.
2, 7253
List the prime factors of 8262.
2, 3, 17
What are the prime factors of 74537?
19, 3923
List the prime factors of 5362.
2, 7, 383
What are the prime factors of 33956?
2, 13, 653
What are the prime factors of 300?
2, 3, 5
List the prime factors of 3053.
43, 71
What are the prime factors of 5160?
2, 3, 5, 43
List the prime factors of 2847.
3, 13, 73
List the prime factors of 1537.
29, 53
What are the prime factors of 39578?
2, 7, 11, 257
List the prime factors of 7001.
7001
What are the prime factors of 4163?
23, 181
List the prime factors of 38.
2, 19
What are the prime factors of 1122?
2, 3, 11, 17
List the prime factors of 76229.
31, 2459
What are the prime factors of 116?
2, 29
List the prime factors of 1552.
2, 97
List the prime factors of 2231.
23, 97
List the prime factors of 331.
331
What are the prime factors of 3620?
2, 5, 181
What are the prime factors of 775?
5, 31
What are the prime factors of 18294?
2, 3, 3049
List the prime factors of 113548.
2, 28387
List the prime factors of 989.
23, 43
What are the prime factors of 1357?
23, 59
What are the prime factors of 1030?
2, 5, 103
What are the prime factors of 740?
2, 5, 37
What are the prime factors of 2448?
2, 3, 17
List the prime factors of 1665.
3, 5, 37
List the prime factors of 8726.
2, 4363
List the prime factors of 2903.
2903
What are the prime factors of 